/(-8))/((-3)/240). Let c(l) = 24*l. Suppose 3*g - i + 1 = -0, 0 = 5*g - 5*i + 15. Let z be c(g). Calculate the greatest common divisor of q and z.
12
Suppose 0 = 2*w + 2*w + 4*y - 4, 3*w = 4*y + 24. Calculate the greatest common divisor of w and 16.
4
Suppose -2 = 2*u + 3*y + 2, 0 = u - 3*y - 16. Let a be (44/(-8))/((-2)/u). Calculate the highest common factor of 11 and a.
11
Let u be ((-10)/6)/(6/(-36)). Calculate the greatest common divisor of 2 and u.
2
Let y be 21 - 9/(45/(-20)). What is the highest common factor of y and 5?
5
Let f be 4 + (-20 - -23 - (-1 + -3)). Calculate the greatest common factor of f and 33.
11
Let d = 7 - 4. What is the greatest common divisor of d and 3?
3
Let d = 16 - 9. Let o(z) = z**2 - 7*z + 7. Let q be o(d). Suppose 2 = -5*g + q. Calculate the highest common divisor of 7 and g.
1
Let t(w) = 3*w. Suppose -5*o = 4 - 64. Let r be ((-2)/6)/((-2)/o). Let g be t(r). Calculate the highest common factor of g and 12.
6
Suppose x = 5*g - 2*g + 5, 0 = 2*g + 10. Let m be (-24)/(-20)*x/3. Let r be 208/7 + m/(-14). Calculate the highest common divisor of 12 and r.
6
Let a(c) = 5*c - 1. Let n(v) = -7*v + 2. Let k(w) = 8*a(w) + 5*n(w). Let h be k(6). What is the greatest common divisor of 48 and h?
16
Suppose -4*h - 106 = -330. Let v be h + 2/(-1) + 1. Let m(n) = -2*n - 5. Let g be m(-5). What is the highest common divisor of g and v?
5
Suppose -5*w - 2*z = -15, -w + 3*z = -3*w + 6. Let i be (-2)/(-16) + (-115)/(-40). What is the greatest common divisor of w and i?
3
Suppose -6*o - 5 = -137. Calculate the highest common divisor of 2 and o.
2
Let l = 76 - 64. What is the highest common divisor of l and 12?
12
Suppose -5*s + 5*p + 18 + 37 = 0, 3*s - 2*p = 30. What is the greatest common divisor of s and 4?
4
Suppose 4*i = 5 + 11. Let y be 56/6 - (-4)/6. Let v = y - i. Calculate the greatest common factor of v and 48.
6
Suppose 288 + 36 = 6*r. What is the highest common factor of 6 and r?
6
Let f(a) be the third derivative of a**4/24 + 65*a**3/6 - 5*a**2. Let p be f(0). Calculate the highest common divisor of 13 and p.
13
Let d(g) = g**3 + 16*g**2 + 5*g - 10. Let y be d(-7). What is the highest common factor of y and 44?
44
Let d = 26 + -12. Suppose 0 = 3*x - 5*x + 252. What is the greatest common factor of x and d?
14
Suppose 2*v + 3 = 5. What is the greatest common divisor of v and 7?
1
Let z(g) be the third derivative of 17*g**6/120 + g**5/30 - g**3/6 - 7*g**2. Let p be z(1). Calculate the greatest common factor of p and 6.
6
Let t(j) = j**2 - 7*j + 21. Let c be t(5). Calculate the greatest common factor of 22 and c.
11
Let y be (-6)/(-1)*(-17 + 19). Let i = 7 + 89. Calculate the greatest common factor of y and i.
12
Let b = -34 - -55. Let z be ((-14)/b)/((-2)/24). Let c(n) = -33*n**3 - 1. Let i be c(-1). Calculate the greatest common divisor of i and z.
8
Let f(j) = 10*j + 1. Let c be f(1). Let t be 1 + -1 + 32/8. Suppose 3*g = -0*g - 12, -4*p - t*g = -28. Calculate the greatest common factor of c and p.
11
Let d be 819/45 + (-2)/10. Calculate the greatest common factor of d and 2.
2
Let p(c) = -c + 9. Let k be p(-11). Let l be (-125 + 0)*(0 + 1). Let q = l + 305. Calculate the highest common factor of q and k.
20
Let r be 40/(-100) - 254/(-10) - -2. What is the greatest common factor of r and 63?
9
Let v be (2 + 0)*(-85)/(-10). What is the greatest common factor of 68 and v?
17
Let m be (-2)/(-11) - (-3680)/88. Calculate the greatest common factor of m and 6.
6
Suppose -m + 5*m - 8 = 0. Suppose 0 = m*c + 2*h - 8, 5*c - 10 = 2*c - 5*h. Suppose -g = -c*g + 84. What is the greatest common divisor of g and 3?
3
Let v = 3 - -16. What is the highest common divisor of 152 and v?
19
Suppose 13 - 58 = -5*a. Suppose -4*x + 4*w = -2*x - 106, -3*x - 3*w + 204 = 0. What is the highest common divisor of a and x?
9
Suppose 3*o + 364 = o. Let p be 2/(-3) + o/(-3). Suppose -p + 0 = -j. What is the greatest common factor of j and 24?
12
Let k be 12/(-20) + (-18)/(-5). Suppose 72 = k*r - 0*r. Calculate the highest common divisor of 12 and r.
12
Suppose 12 + 73 = 5*u. Suppose 3*q = -2 + u. Suppose q*k - 74 + 9 = 0. What is the greatest common factor of 143 and k?
13
Suppose 4 - 40 = -2*k. What is the highest common factor of k and 27?
9
Let o(t) = -t**2 + 9*t - 8. Let d be 23/4 - (-1)/4. Let p be o(d). Calculate the highest common divisor of p and 10.
10
Suppose r - 2*q = 4*r, -4*r + 5*q = -23. Let x(b) = b**3 - 5*b**2 - b + 2. Let d be x(5). Let f = 21 + d. What is the greatest common factor of r and f?
2
Let x(j) = j**2 + j + 22. Let b be x(0). Suppose 4*z = 2*z + 132. Calculate the greatest common divisor of z and b.
22
Let c be ((-4)/2)/((-2)/4). Suppose c*m - 2*m - 48 = 0. Calculate the greatest common factor of 8 and m.
8
Suppose 4*v - 3*v - 1 = 0. What is the highest common factor of v and 7?
1
Suppose -4*u - 4*p = -59 + 11, -4*u + 3*p + 34 = 0. Calculate the highest common divisor of 80 and u.
10
Let a = 134 + -4. What is the highest common factor of 52 and a?
26
Let o(l) = l**3 - 7*l**2 + 9*l. Let d be o(6). Let m = -26 + d. Let p = 18 + m. Calculate the greatest common factor of 80 and p.
10
Suppose -2*k - 1 = 3. Let c(l) = -27*l - 3. Let f be c(k). Suppose 5*i + 40 + 23 = 4*w, -4*w + f = -i. Calculate the greatest common divisor of w and 96.
12
Suppose x - 3*x = -4*v - 26, -v - 19 = -3*x. What is the greatest common divisor of 35 and x?
5
Let l(z) = z**2 - 5*z + 3. Let o be l(-4). Calculate the highest common divisor of 65 and o.
13
Suppose -10 - 102 = -2*p. Suppose 10 = 2*z + h, 3*z + 2*z - 27 = -2*h. Calculate the greatest common factor of z and p.
7
Suppose -58 - 110 = -4*f. Calculate the greatest common divisor of 6 and f.
6
Suppose 5*y = y + 200. Let v be (-2)/(-8) - 3/(-4). Let o be 5/v*(1 + 3). Calculate the highest common factor of y and o.
10
Let a(n) = 2*n**2 + 0*n**2 + 75 - n**2 - n. Let d be a(0). What is the greatest common factor of 30 and d?
15
Let u be (-20)/(-30) + 116/6. Calculate the highest common factor of u and 4.
4
Let t = 19 - 11. Let x be t/(-28) - (-16)/7. Suppose -2 = -3*z + 4. Calculate the highest common divisor of z and x.
2
Suppose 0 = 4*k - 2*k - 4. Suppose 6 = -m + 2*z, -k*m + 0*m = 2*z + 24. Let n = 16 + m. What is the greatest common factor of 3 and n?
3
Let k be (-33)/(-12) + 9/(-12). Let q(m) = -m**3 + 3*m**2 - 2*m + 2. Let t be q(k). What is the greatest common divisor of t and 1?
1
Suppose 3*k - 2*k - 40 = -3*j, 4*k = 2*j + 160. Let w be ((-2)/(-3))/((-2)/3) + 5. Calculate the greatest common factor of k and w.
4
Suppose 3*b - 2*u = -3*u + 694, 0 = 3*u - 3. Suppose 3*f + 0*f = b. Suppose -6*l + 47 = 5. Calculate the greatest common divisor of f and l.
7
Let x = -81 - -86. What is the highest common divisor of x and 55?
5
Suppose 0 = 4*i + i. Suppose 0 = -i*d - 3*d + 405. Let g = -38 + 53. What is the highest common divisor of g and d?
15
Let l be (-22)/(-18) + 4/(-18). Let f(g) = 36*g**2 - 1. Let y be f(l). What is the greatest common factor of y and 7?
7
Let o = 2 + 14. Let k be (1*12)/(-12*8/(-896)). What is the greatest common divisor of o and k?
16
Let g = -295 - -185. Let d be g/4*(-8)/10. Calculate the greatest common divisor of d and 55.
11
Let q be 1308/8 - 21/(-14). What is the greatest common factor of q and 15?
15
Let b(x) = -x**2 + 5*x + 5. Let i be b(5). What is the highest common factor of 50 and i?
5
Let d = 36 - 28. What is the highest common factor of 20 and d?
4
Suppose 52 = 3*n - 5*h, 3*h = 4*h + 5. Calculate the greatest common factor of n and 9.
9
Let t(x) = -x**3 - 5*x**2 - 5*x + 1. Let r be t(-4). Suppose -q - 4*q = r*i - 140, -q = 4*i - 100. What is the highest common divisor of i and 36?
12
Suppose 6 = 5*p - 9, -3*p = 5*z - 164. Calculate the highest common factor of 155 and z.
31
Let l be (-227)/(-9) + (-2 - (-112)/63). What is the greatest common factor of l and 175?
25
Suppose -u = -2*u + 4*p + 72, 0 = u - 3*p - 70. Calculate the greatest common divisor of u and 16.
16
Let j be 402/8 - (-2)/(-8). Suppose -13*c + 240 = -c. Calculate the highest common factor of c and j.
10
Suppose 3*i = 4*i. Let f = 1 + i. Let g(u) = -2*u - 2. Let n be g(-2). What is the greatest common divisor of n and f?
1
Let m be (-5 - 2/5)*-25. Suppose -2*p = -3*p + 54. What is the highest co